 s(3). Let w be (1*-2)/((-18)/540). Calculate the highest common divisor of l and w.
12
Let o be 2/1*((-14)/((-56)/86) - -6). Suppose 0 = 2*d + 2*d - 1320. What is the greatest common factor of o and d?
55
Let n(y) = -5*y**2 + 84*y - 9. Let q be n(15). What is the greatest common divisor of q and 567?
63
Let b be 12/(-264) + 873668/88. What is the greatest common divisor of 34 and b?
34
Let c be (-413)/(-21) - 1/(-3). Let a be ((30/4)/(-15))/(1/(-8)). Calculate the highest common divisor of c and a.
4
Let v be (-8)/6 - -1 - (-60)/18. Suppose x + 18 = -z - v*x, 5*x + 25 = 0. Let p be 3 + -7 + z*13. What is the greatest common divisor of p and 242?
22
Suppose -2*s - 2*s + 48 = 0. Suppose -a + 5 = 0, -t - 53 = -3*t - a. Calculate the highest common divisor of t and s.
12
Let k be 3682/77 + 4/22. Suppose -3*j + 2 = -2*j - 4*h, 2*j = 4*h + 8. Let t be (6/2)/(9/j)*16. What is the highest common factor of t and k?
16
Let t = -3566 + 4560. Calculate the highest common factor of 14 and t.
14
Suppose 3*n = 12 - 12. Suppose -3*x - a + 693 = n, -693 = -3*x - a + 6*a. Calculate the highest common factor of 21 and x.
21
Suppose -11*p + 296 = -100. Calculate the highest common factor of 900 and p.
36
Suppose 5*y - 911 - 930 = -2*v, -3*v - y = -2768. What is the greatest common factor of v and 355?
71
Let k(x) = -x**3 - 6*x**2 - 5*x - 15. Let a = 271 + -281. Let l be k(a). Calculate the greatest common factor of l and 15.
15
Let t be (-1 + 4)*1500/45. Let z(k) = -5*k. Let h be z(-5). Calculate the highest common factor of t and h.
25
Let b(k) = 3*k - 17. Let w be b(4). Let m = 37 - w. Let t = 82 + -61. Calculate the greatest common factor of t and m.
21
Let o = 20206 + -18965. Calculate the highest common factor of 511 and o.
73
Let d = -6887 + 6955. Calculate the highest common divisor of d and 23732.
68
Let u = -4906 - -4929. What is the greatest common divisor of 529 and u?
23
Let n be (((-2632)/(-6))/(-14))/(4/(-6)). Suppose -16401 = -24*j - n*j. What is the greatest common divisor of 385 and j?
77
Suppose -17*x + 701896 = 25*x - 25*x. What is the greatest common factor of 104 and x?
104
Suppose 5*b = 5*l - 560, l - 270 + 42 = 2*b. Let o = b + 127. Let r = 13 - -53. Calculate the greatest common divisor of o and r.
11
Suppose 80*i + 6426 = 114*i. What is the highest common factor of i and 3213?
189
Let o(g) = -249*g + 19. Let p(f) = -124*f + 10. Let r(d) = 3*o(d) - 7*p(d). Let n be r(1). Calculate the greatest common divisor of 270 and n.
54
Suppose -55*o + 5100 = 5*o - 0*o. Calculate the greatest common divisor of 799 and o.
17
Suppose 36*s = 40*s - 5*z + 28, 5*s = -5*z + 10. Let m be ((21/s)/21)/(1/(-28)). Let g = 327 + -173. What is the highest common divisor of m and g?
14
Let l(q) = 2*q**3 - 14*q**2 - 7*q - 93. Let o be l(11). What is the greatest common divisor of o and 76?
38
Suppose -3*v + 3*l + 4611 = 0, 5*l - 2104 - 2475 = -3*v. What is the greatest common divisor of 3723 and v?
219
Let s be -5 + 210/40 - 587/(-4) - 3. Calculate the greatest common factor of 1224 and s.
72
Let w be 4/(4/(-12)*-3). Suppose -w*m = -0*m - 48. Let l be 2/(-4) + (-19)/(-2) + 3. What is the highest common factor of l and m?
12
Let g be 6*(65/(-10) - -7). Let f(w) = 9*w**2 + 49*w - 148. Let k be f(g). What is the greatest common factor of 80 and k?
80
Suppose 3*l + 2*t - t - 214 = 0, -l + 4*t + 54 = 0. Let k = 5 + -10. Let h(g) = -5*g + 3. Let q be h(k). Calculate the highest common factor of q and l.
14
Suppose -5*j = 4*t + 282, 4*t - 6*t - 130 = -3*j. Suppose 2*s - 4*s + 164 = 0. Let h = t + s. What is the greatest common factor of 14 and h?
14
Let c be -600*(-5*51/45 + 5). Calculate the highest common divisor of c and 3120.
80
Suppose 2*x = -2*d + 67158, -x + 890*d + 33597 = 885*d. Calculate the highest common factor of x and 174.
174
Suppose 0*l = -4*l + 12. Suppose i = -0*x + x + 34, -l*x - 12 = 0. Let b(q) = -2*q - 1. Let h be b(-8). Calculate the highest common factor of i and h.
15
Let l(w) = -3*w**2 - 10*w - 95. Let q be l(-13). Let a = -382 - q. Let f be (-143)/(-4) - 3/(-12). Calculate the highest common factor of f and a.
18
Suppose 4*m + 5*h - 46 = 0, -25 = -3*m - 0*m + h. Let g(t) = 2*t**2 - 6*t - 45. Let i be g(m). What is the greatest common divisor of 18 and i?
9
Suppose -89*i = -88*i + 1. Let b be 35/(-14)*(i/5 + -1). Suppose 0 = 2*w + 9 + 1, b*a + w = 118. What is the highest common factor of a and 82?
41
Let t(z) = 3*z**2 - 184*z - 125. Let u be t(65). Calculate the greatest common factor of 1593 and u.
59
Suppose 14 = 2*l - 2*x, -2*x + 13 = -l + 3*x. Suppose 162*c - 8051 = 65*c. Suppose -c - 301 = -l*i. Calculate the highest common factor of 16 and i.
16
Let d(h) = 9*h**2 - 476*h + 61. Let i be d(53). Calculate the highest common divisor of 24 and i.
6
Let l = 1324 - 948. Calculate the greatest common divisor of l and 2538.
94
Suppose -9*i = 5*x - 14*i - 50, x + 3*i = 22. Suppose -x*v = -31*v + 2268. Calculate the greatest common factor of v and 231.
21
Let p be 14/(-8)*(-8)/2. Suppose -183 = -p*b + 503. What is the highest common divisor of 56 and b?
14
Suppose 10 = 5*j - 8*k + 7*k, 3*j = -4*k + 6. What is the greatest common factor of 283 and j?
1
Let o(v) be the third derivative of -v**6/120 - v**5/6 + v**4/2 + 4*v**3 + 5*v**2 + 5*v. Let p be o(-11). What is the highest common divisor of p and 104?
13
Let r = 2248 + 333. What is the highest common divisor of r and 29?
29
Suppose 76752 = 84*b + 124*b - 78624. Calculate the highest common factor of 332 and b.
83
Let q(x) = -17*x**2 + 7*x - 2. Let y be q(4). Let o = 414 + y. What is the greatest common divisor of 24 and o?
24
Let y(b) = b**3 + 13*b**2 - 119*b - 1331. Let r be y(-15). Calculate the highest common factor of r and 11292.
4
Let o(j) = j**3 + 10*j**2 - 4. Let r be o(-9). Let p be 16/28 - (2 - 537/(-21)). Let s = 34 + p. What is the greatest common factor of s and r?
7
Let h be (-4)/18 - 29/(-9). Let r(v) = -2*v + 3. Let y(i) = -4*i + 12. Let j(k) = r(k) + y(k). Let o be j(0). What is the greatest common divisor of h and o?
3
Let w = 223 + 532. Let x = 761 - w. What is the greatest common divisor of 32 and x?
2
Suppose -2913 = -11*a - 2297. Calculate the highest common divisor of 4984 and a.
56
Let p be 2/(-8) + (-2)/24*-963. Let l = 240 - p. Let c(f) = f**2 + 3*f - 8. Let b be c(-8). What is the greatest common divisor of b and l?
32
Suppose 2*i + 14 = -42. Let g = i + 58. Let j be (30 - -2)*g/12. Calculate the highest common factor of j and 16.
16
Let v(a) = -2*a - 4. Suppose -2 = d + 4*x, -3*d + 4*x = 11 + 11. Let k be (38/d + 5)*6. Let h be v(k). What is the greatest common divisor of h and 96?
12
Suppose 82 = 4*y - 5*q, y + 334*q = 333*q + 16. Calculate the highest common factor of 801 and y.
9
Let x(w) = 2*w**3 - 2*w**3 + w + w**2 - 7 - 2*w**3. Suppose -7*f - 3 = 18. Let d be x(f). Calculate the highest common divisor of 371 and d.
53
Let y(z) = -2*z**3 - 18*z**2 + 2*z + 20. Let f be y(-9). Suppose -4*x = -5*q + 40, 14 = f*q - q - 2*x. What is the greatest common divisor of 212 and q?
4
Let y be 11488/26 - (74/26 + -3). Suppose 0 = -15*v - 2*v + y. What is the highest common divisor of 208 and v?
26
Let g(r) = 2*r**3 + 67*r**2 - 196*r - 44. Let c be g(-36). Calculate the greatest common divisor of 9975 and c.
133
Suppose -b + 2*b - 1 = h, -4*h - 22 = 5*b. Let w be 4*h/6 - 0. Let k be 418/4 - (-1)/(4 + w). What is the highest common factor of 15 and k?
15
Let w = 2118 + -944. Let z = 59 + -54. Suppose -3*g = z*c - w - 306, 4*c - 4*g - 1184 = 0. Calculate the highest common divisor of c and 37.
37
Suppose 0 = -3*k - 4*m + 1837 - 1773, -2*k + 46 = 2*m. Calculate the greatest common divisor of k and 18158.
14
Let h be (-6)/(-4)*(-75)/(-45)*(-1464)/(-30). What is the highest common divisor of 7442 and h?
122
Suppose -206 = -9*z + 64. Let l be (6/z - 0)*10. What is the highest common factor of l and 13?
1
Let h be (-36)/(-702) + (2 - (-16830)/351). Suppose 2*z = 186 + 74. What is the greatest common factor of z and h?
10
Suppose 26*p = 61 - 35. What is the greatest common factor of 7 and p?
1
Suppose -7*a - 150 = 613. Let v = -83 - a. Let j(f) = f**2 - 28*f + 61. Let o be j(v). What is the highest common divisor of o and 63?
9
Let r(x) = x**2 + 80*x + 1615. Let t be r(-23). Let b(z)